of 8509878?
True
Does 38 divide 33630?
True
Is 27600 a multiple of 276?
True
Is 265915 a multiple of 5?
True
Is 37 a factor of 7870307?
True
Does 27 divide 23436?
True
Is 149100 a multiple of 142?
True
Is 1825611 a multiple of 1287?
False
Is 5952731 a multiple of 4?
False
Is 42 a factor of 29101052?
False
Is 253 a factor of 637307?
True
Does 7 divide 960061?
False
Is 20273 a multiple of 209?
True
Is 4 a factor of 10317?
False
Is 9 a factor of 2130579?
True
Is 655684 a multiple of 92?
True
Does 62 divide 694586?
True
Does 287 divide 155396?
False
Does 51 divide 101494?
False
Does 438 divide 11033658?
True
Does 158 divide 261352?
False
Is 627 a factor of 1912977?
True
Is 11572746 a multiple of 456?
False
Does 686 divide 686?
True
Does 8 divide 4376600?
True
Is 134200 a multiple of 208?
False
Is 200265 a multiple of 15?
True
Is 90629 a multiple of 4?
False
Does 8 divide 69952?
True
Does 21 divide 40312?
False
Does 7 divide 1999671?
False
Is 20082285 a multiple of 29?
False
Is 22557796 a multiple of 138?
False
Is 2125675 a multiple of 145?
False
Is 237 a factor of 157635?
False
Is 14 a factor of 45080?
True
Is 13 a factor of 14478?
False
Is 158 a factor of 192129?
False
Is 82788 a multiple of 3?
True
Is 67 a factor of 200464?
True
Is 26154245 a multiple of 1105?
True
Is 10 a factor of 379820?
True
Is 186151 a multiple of 131?
True
Is 9 a factor of 123264?
True
Is 33 a factor of 3586178?
False
Is 91531 a multiple of 18?
False
Does 820 divide 1550620?
True
Does 43 divide 45666?
True
Is 897 a factor of 1901951?
False
Is 58982 a multiple of 77?
True
Is 36114 a multiple of 58?
False
Is 44800 a multiple of 7?
True
Does 38 divide 3836822?
True
Does 248 divide 321408?
True
Is 8 a factor of 1064?
True
Is 326 a factor of 177402?
False
Is 134634 a multiple of 418?
False
Does 277 divide 558833?
False
Is 31 a factor of 15934?
True
Is 11 a factor of 336495?
False
Does 3 divide 1208388?
True
Is 221 a factor of 129727?
True
Is 586796 a multiple of 268?
False
Does 750 divide 112015?
False
Is 2384421 a multiple of 13?
True
Is 83 a factor of 124583?
True
Is 21228 even?
True
Is 13 a factor of 5401687?
False
Does 25 divide 21500?
True
Is 50136 a multiple of 225?
False
Does 8 divide 756324?
False
Is 279 a factor of 7617451?
False
Does 26 divide 89212?
False
Is 41 a factor of 11903161?
True
Is 937936 a multiple of 488?
True
Is 70 a factor of 1358420?
True
Does 2 divide 324376?
True
Does 17 divide 338078?
False
Does 885 divide 5348055?
True
Is 3573 even?
False
Is 8330 a multiple of 238?
True
Is 1349 a factor of 1216798?
True
Does 1389 divide 15445680?
True
Is 1463159 a multiple of 54?
False
Is 54600 a multiple of 7?
True
Is 520 a factor of 1565200?
True
Is 31255125 a multiple of 151?
False
Does 94 divide 2801670?
True
Is 68060 a multiple of 6?
False
Is 44 a factor of 105807?
False
Is 780581 a multiple of 13?
False
Is 282250 a multiple of 50?
True
Is 33984 a multiple of 192?
True
Does 168 divide 183288?
True
Does 21 divide 1324278?
False
Does 19 divide 207265?
False
Is 19 a factor of 1275667?
False
Is 120 a factor of 1903300?
False
Is 129 a factor of 3908313?
True
Is 1805177 a multiple of 11?
True
Does 7 divide 230247?
False
Is 43 a factor of 527024?
False
Does 159 divide 268710?
True
Is 2 a factor of 5684?
True
Does 21 divide 43953?
True
Does 55 divide 176770?
True
Does 1003 divide 301727?
False
Does 12 divide 6963420?
True
Is 80 a factor of 349655?
False
Is 435780 a multiple of 180?
True
Is 9600 a multiple of 75?
True
Does 44 divide 27028344?
False
Is 2619477 a multiple of 14?
False
Does 77 divide 15164?
False
Is 8700 a multiple of 4?
True
Does 32 divide 175392?
True
Is 43 a factor of 364058?
False
Is 40 a factor of 1875108?
False
Does 7 divide 2655184?
True
Does 17 divide 722364?
True
Is 18 a factor of 8103620?
False
Does 635 divide 728700?
False
Does 38 divide 98307?
False
Is 47775 a multiple of 35?
True
Is 715274 a multiple of 111?
False
Is 3098862 a multiple of 57?
True
Is 9495684 a multiple of 22?
True
Does 118 divide 1916792?
True
Is 22 a factor of 195179?
False
Does 10 divide 102019?
False
Is 163480 a multiple of 5?
True
Is 23622 a multiple of 62?
True
Is 1078488 a multiple of 9?
True
Is 7 a factor of 1379708?
False
Is 18 a factor of 101052?
True
Is 447 a factor of 506982?
False
Does 11 divide 865469?
True
Is 108186 a multiple of 21?
False
Is 132444 a multiple of 117?
True
Is 286944 a multiple of 28?
True
Does 1324 divide 3574800?
True
Is 6 a factor of 623217?
False
Does 145 divide 230840?
True
Is 32 a factor of 227074?
False
Is 796965 a multiple of 201?
True
Is 344 a factor of 472322?
False
Does 2 divide 484849?
False
Does 272 divide 53749?
False
Is 1918863 a multiple of 28?
False
Does 149 divide 3151797?
True
Is 142990 a multiple of 22?
False
Does 17 divide 165716?
True
Does 110 divide 4194833?
False
Is 278 a factor of 186538?
True
Is 208 a factor of 110728?
False
Does 149 divide 159558?
False
Is 117 a factor of 235053?
True
Is 94 a factor of 114586?
True
Does 598 divide 2556361?
False
Is 3033560 a multiple of 30?
False
Is 670 a factor of 6468180?
True
Is 110 a factor of 2144375?
False
Does 28 divide 1759856?
True
Does 97 divide 6341707?
False
Is 625800 a multiple of 56?
True
Is 1064812 a multiple of 14?
True
Is 1483206 a multiple of 44?
False
Is 5642885 a multiple of 457?
False
Does 525 divide 983377?
False
Is 61 a factor of 1123254?
True
Is 41956178 a multiple of 12?
False
Is 952867 a multiple of 17?
True
Is 386100 a multiple of 300?
True
Is 110 a factor of 20140840?
False
Is 42 a factor of 370104?
True
Does 27 divide 73170?
True
Is 502432 a multiple of 4?
True
Is 15 a factor of 1449586?
False
Is 251412 a multiple of 73?
True
Does 536 divide 672067?
False
Is 2173911 a multiple of 69?
False
Does 225 divide 27675?
True
Does 77 divide 56179?
False
Is 124857 a multiple of 256?
False
Is 92 a factor of 30084?
True
Is 886493 a multiple of 71?
False
Is 13 a factor of 1653548?
True
Is 4837521 a multiple of 10?
False
Is 64053 a multiple of 415?
False
Is 45036 a multiple of 27?
True
Is 141573 a multiple of 41?
True
Does 91 divide 1664026?
True
Does 6 divide 12117?
False
Is 11 a factor of 309381?
False
Is 378826 a multiple of 14?
True
Is 329812 a multiple of 28?
True
Is 14 a factor of 11534864?
False
Is 205 a factor of 4799255?
True
Is 271 a factor of 3935939?
False
Does 16 divide 826144?
True
Does 114 divide 640794?
True
Is 38 a factor of 25536?
True
Does 258 divide 91017?
False
Does 5 divide 152547?
False
Is 3233056 a multiple of 96?
False
Is 5 a factor of 288016?
False
Is 5597460 a multiple of 66?
True
Is 132 a factor of 206326?
False
Does 65 divide 1147918?
False
Is 5317320 a multiple of 1214?
True
Is 523 a factor of 47593?
True
Does 22 divide 68156?
True
Does 22 divide 913308?
True
Is 53 a factor of 1882910?
False
Is 33840 a multiple of 10?
True
Does 51 divide 1074916?
False
Is 5508 a multiple of 55?
False
Is 292998 a multiple of 13?
False
Is 38 a factor of 9623260?
False
Does 8 divide 19158?
False
Is 2601914 a multiple of 7?
True
Is 395 a factor of 18618277?
False
Does 20 divide 7677688?
False
Does 7 divide 1142995?
True
Does 1483 divide 4427651?
False
Does 21 divide 498309?
True
Is 18 a factor of 552183?
False
Is 7 a factor of 3848503?
False
Is 8370896 a multiple of 11?
False
Does 19 divide 1074844?
False
Does 44 divide 1363460?
False
Does 20 divide 10890200?
True
Is 327 a factor of 543608?
False
Is 741456 a multiple of 72?
True
Is 222 a factor of 249750?
True
Is 10 a factor of 170390?
True
Is 4260301 a multiple of 168?
False
Does 165 divide 125730?
True
Does 16 divide 1039003?
False
Is 66 a factor of 1019040?
True
Does 41 divide 40246?
False
Is 15 a factor of 1134527?
False
Does 4 divide 5034077?
False
Is 41 a factor of 44362?
True
Does 18 divide 296442?
True
Is 191429 a multiple of 41?
True
Is 5616535 a multiple of 122?
False
Is 7 a factor of 1494571?
False
Is 4 a factor of 33516?
True
Does 164 divide 1104116?
False
Is 8 a factor of 294597?
False
Does 816 divide 561848?
False
Does 80 divide 51360?
True
Is 1664 a multiple of 13?
True
Is 45713 a multiple of 17?
True
Does 557 divide 169328?
True
Is 244887 a multiple of 8?
False
Is 11 a factor of 1882612?
False
Is 2238880 a multiple of 56?
True
Is 27 a factor of 15903?
True
Is 53 a factor of 57854?
False
Is 192